 x*(-2 + 3)*s?
2, 7
Suppose -5*l + 25 = 0, 0 = -0*m + 2*m + 2*l - 26. Let d = -15 + m. Let o = d + 12. List the prime factors of o.
5
Let r = 4 - 7. Let t(n) be the first derivative of n**4/4 + n**3 - 3*n**2/2 + n - 8. What are the prime factors of t(r)?
2, 5
Let b(p) = 9*p + 3*p**3 - 8*p**2 - 5*p**3 - 3 + 4*p**3 - p**3. List the prime factors of b(7).
11
Let g = -142 + 218. List the prime factors of g.
2, 19
Suppose -4*l = -1 - 39. Suppose -3*h + 86 = -2*b, 0 = -0*b - 2*b + l. List the prime factors of h.
2
Let h(u) = -102*u**3 - 3*u**2 - 3*u - 1. What are the prime factors of h(-1)?
101
Suppose 4 + 0 = v. List the prime factors of v/16 + 7/4.
2
Let t(o) = o - 2. Let b be t(5). Let p be 1*(4 + b/(-3)). List the prime factors of (10/p)/((-4)/(-6)).
5
Suppose 0*z + 4*c = -5*z + 218, 0 = 5*z + 5*c - 220. List the prime factors of z.
2, 3, 7
Let a(r) = r**3 - 6*r**2 + 6*r - 3. List the prime factors of a(6).
3, 11
Suppose 5*x + 2*d = 4*d + 41, -3*d + 19 = 4*x. What are the prime factors of x?
7
Suppose -4*q + 56 = -4*n, -4*q + 4*n = n - 58. Suppose d + 5 = q. List the prime factors of d.
11
Suppose 2*a - 2 = -2*m, -m = -0*m - 5*a - 31. Let z = 9 - m. Suppose 34 = 4*o + z*w - w, 4 = 4*w. What are the prime factors of o?
2
Suppose 2*k - 3*k + 2 = 0. What are the prime factors of k?
2
Let m be (-3)/(-5) + (-5082)/(-30). Let j = m + -98. Suppose j = -0*s + 4*s. List the prime factors of s.
2, 3
Let f = 19 + 9. Let o = f + -14. What are the prime factors of o?
2, 7
Suppose -16 = -5*l - 1. Let y be (-48)/(-10) + l/15. List the prime factors of 2 + 4/(-2) + y.
5
Suppose -5*j - 3*p - 4 = 11, -2*j + p = 6. What are the prime factors of ((-2)/j)/(4/342)?
3, 19
Let l be (-2)/(-4) + 3/6. What are the prime factors of l/(-5) - 228/(-15)?
3, 5
Let g(n) = n**2 + 4. Let h be g(-3). Let l = 17 - 21. Let a = h + l. List the prime factors of a.
3
Suppose 4*y + 29 = 5*f, -3*f - y = 2*f - 24. Suppose -3*l - f = -4*l - 3*g, 4*g = l + 2. What are the prime factors of l?
2
Let c be (2*-4)/(5 - 4). Let w = c - 4. Let z = w + 18. What are the prime factors of z?
2, 3
List the prime factors of (-2 + 0)*8/32*-242.
11
Suppose -2*l = 1 + 1. What are the prime factors of l/1*(-4 - -1)?
3
Let z be (4/4)/((-2)/(-4)). Suppose -z*c = -4*v + 76, 2*v - 6*v + 5*c = -64. Let p = v - 4. What are the prime factors of p?
17
Let m = 1 - -1. Let x(l) = l**m + 9*l - 2*l**2 + 0*l**2 + 0 - 3. List the prime factors of x(7).
11
Suppose 3*g + s - 8 = 0, g + 6 = 5*s - s. What are the prime factors of (-4)/g + 55/5?
3
Suppose 16 = -2*p - 4. Let l(i) = -i**2 - 12*i + 1. What are the prime factors of l(p)?
3, 7
Let u(t) = 5*t**2 - t + 1. Let h be u(1). Suppose 3*x + 10 = h*g, -x + 5*g = -3*x + 10. Let c = x - -6. List the prime factors of c.
2, 3
Let a(o) = o**3 - 4*o. Let f be a(-3). What are the prime factors of 5486/195 + 2/f?
2, 7
Let y = -15 - -6. List the prime factors of (-115)/y - (-4)/18.
13
Suppose -c + 3*u = 0, u - 6*u + 4 = -c. List the prime factors of c.
2, 3
Let o = -7 + 6. Let j(p) = 5*p**2 - 1. List the prime factors of j(o).
2
Let d(i) = -2*i - 2. Let g be d(-2). Let s be -22*(3 - 5)/g. Suppose 0 = -3*v + 5*v + 2*o - s, 5*v + o - 51 = 0. What are the prime factors of v?
2, 5
Suppose m + 2 = 2*m. Suppose 7*h = m*h + 20. What are the prime factors of h?
2
List the prime factors of (-1)/(-8) + 1582/16.
3, 11
Let i(k) = 2*k + 3. Suppose -1 = -4*r + 3*b, 4*r - 9*r = -4*b - 2. Let c be i(r). What are the prime factors of -1*(-7 + 2 + c)?
2, 3
Suppose 0 = -17*a + 18*a - 43. List the prime factors of a.
43
Let z(k) = -k + 4. Let t(j) = -j**3 - 5*j**2 - 6*j - 6. Let l be t(-4). List the prime factors of z(l).
2
Suppose -5*n + 4*y = 0, -y + 2 - 1 = -n. Let w(t) = t. List the prime factors of w(n).
2
Let t(p) = -p**3 + 4*p**2 + 4*p - 5. Let q(r) = r**3 - 7*r**2 + 4. Let x be q(7). List the prime factors of t(x).
11
Let d(v) = -v**2 + 8. Let o be d(0). What are the prime factors of ((-46)/4)/((-4)/o)?
23
List the prime factors of (202/(-3))/((-2)/(-12)*-4).
101
Let l be (4 - (-2 + 2)) + -2. Let f be 2/l*0/(-2). Suppose f*w + 22 = 2*w. List the prime factors of w.
11
Suppose -2*i - 2 = 8. Let c(r) be the third derivative of -r**5/60 - 7*r**4/24 - 2*r**3/3 - 2*r**2. List the prime factors of c(i).
2, 3
Let r(c) be the third derivative of -c**6/120 - 7*c**5/60 - c**4/8 - 4*c**2. What are the prime factors of r(-7)?
3, 7
List the prime factors of (-4724)/(-28) - ((-24)/(-28))/(-3).
13
Suppose 0 = 4*y - 3*i - 1, 0*y + 7 = 3*y - i. List the prime factors of (-6)/y*58/(-3).
29
Let m(p) = p - 3. Let g be m(0). Let u be 2/g - 118/(-6). Suppose d = -1 + u. List the prime factors of d.
2, 3
Let a(b) = b**2 - b - 10. Let m(w) = w**2 - 2*w - 9. Let l = 9 - 4. Let k(u) = l*a(u) - 6*m(u). What are the prime factors of k(6)?
2, 5
Let i = 32 + -22. List the prime factors of i - ((-8)/2)/(-2).
2
Let s(o) = 1. Let j(x) = -2*x - 3. Let a(v) = j(v) - 2*s(v). What are the prime factors of a(-4)?
3
Let l(b) = -28*b + 10. What are the prime factors of l(-7)?
2, 103
Let v = -27 - -11. Suppose 2*u - 5*g = 54, 5*g = -4*u + 85 + 23. Let z = u + v. List the prime factors of z.
11
Let p(t) = t**2 - 6*t + 7. List the prime factors of p(9).
2, 17
Let b(f) be the first derivative of -f**2/2 + 18*f - 1. What are the prime factors of b(0)?
2, 3
Let g(b) = -28*b - 2. Let t be g(-3). Let s = 130 - t. Suppose 3*j = -j + s. What are the prime factors of j?
2, 3
Suppose 94 - 614 = -5*j. What are the prime factors of j?
2, 13
Let j(i) = 5*i**2 + 3*i + 1. What are the prime factors of j(1)?
3
Let p(v) = v**2 + 2*v - 6. List the prime factors of p(8).
2, 37
Let w be (33/12)/(5/60). Suppose 0 = -3*r + 66 + w. What are the prime factors of r?
3, 11
Let s be 1/2 - 45/(-10). Suppose -s*v + 7 = 4*j, -j + 3*j - 2 = -4*v. List the prime factors of (2*(-39)/6)/v.
13
Suppose 0*q - 5*q = -1010. List the prime factors of q.
2, 101
Let j = 10 - 2. Suppose b - 29 = -j. List the prime factors of b.
3, 7
Let b be 16 - 4/(6 + -2). Suppose -2*t + 131 = 3*s - 7*t, 0 = 3*t - b. List the prime factors of s.
2, 13
Let i = 200 + -112. What are the prime factors of i?
2, 11
Suppose -c - 2*c - 36 = 0. Let x = 36 + c. List the prime factors of x.
2, 3
Let w = -7 + 11. Suppose 95 = w*j + d, 2*j - 19 = -3*d + 16. What are the prime factors of j?
5
Let v(g) = 2*g**2 - 13*g + 8. List the prime factors of v(8).
2
Suppose 0 = 2*d - 3*d - 1. Let v be 3 + d*(0 - -3). Suppose v*o = 4*o + 2*g - 10, 3*g = -5*o + 11. List the prime factors of o.
2
Suppose -i = 3*i - 52. List the prime factors of i.
13
Suppose -5 - 11 = -4*m. Suppose -m*j + 5*r = -36, 0 = 5*r + 6 + 14. Let k(l) = 3*l - 1. What are the prime factors of k(j)?
11
Suppose 4*u - g - 193 = -4*g, 5*u = -2*g + 243. List the prime factors of u.
7
Suppose -6*t - 162 = -612. List the prime factors of t.
3, 5
Let s be ((-3)/6*-2)/1. Let w be 4/2 - (s - 3). Suppose w*m - 14 = 18. List the prime factors of m.
2
Let s(y) = y**3 + 9*y**2 + 5*y - 5. What are the prime factors of s(-7)?
2, 29
Let s(k) = k**2 + 4*k - 6. Let c = 54 - 38. Suppose -4*i = l + 25, 0*i - c = 4*i + 4*l. List the prime factors of s(i).
3, 5
Suppose 0 = d + 3*d - 16. Suppose d*l + 16 = -6*k + 5*k, 4*k = -5*l - 31. List the prime factors of (-3)/l - (-10 + -1).
2, 3
Let v(h) be the first derivative of -h**4/24 + 5*h**3/6 - h**2 - 1. Let n(x) be the second derivative of v(x). What are the prime factors of n(-5)?
2, 5
What are the prime factors of 4/(-14) - (-1300)/91?
2, 7
Suppose 5*p - 475 = 3*r + 199, 0 = -2*p + 3*r + 266. List the prime factors of p.
2, 17
What are the prime factors of (-2896)/(-44) - (-5)/(165/6)?
2, 3, 11
Let c(v) be the first derivative of -v**3/3 + 9*v**2/2 - 2*v - 4. Let t be 0 - 16/(1*-2). List the prime factors of c(t).
2, 3
Let z(s) = 18*s**2 + 4*s + 17. What are the prime factors of z(-3)?
167
Suppose -5*f + 70 = 5*h, 0*f + 3*f + 28 = 4*h. Let v = h - -13. List the prime factors of v.
23
Let x(u) = -3*u**2 - 7*u + 7. Let h(z) = -2*z**2 - 3*z + 3. Let f(i) = -9*h(i) + 4*x(i). Let t be f(-2). Suppose -2*p = p - t. List the prime factors of p.
3
Suppose -3*u + 19 + 11 = 0. What are the prime factors of u?
2, 5
Let z(h) = 12*h**2 + 10*h + 3. What are the prime factors of z(-3)?
3
Suppose -3*d = 3*k - 33, -3*k = -2*d + 12 